{"id":2601,"date":"2023-10-12T13:33:19","date_gmt":"2023-10-12T11:33:19","guid":{"rendered":"http:\/\/tvdaettlikon.ch\/?page_id=2601"},"modified":"2024-11-05T09:15:41","modified_gmt":"2024-11-05T08:15:41","slug":"seniorenturnen","status":"publish","type":"page","link":"https:\/\/tvdaettlikon.ch\/index.php\/seniorenturnen\/","title":{"rendered":"Seniorenturnen"},"content":{"rendered":"\n<p>Ein Angebot der Turnerfamilie D\u00e4ttlikon f\u00fcr Frauen &amp; M\u00e4nner ab 60 Jahren<\/p>\n\n\n\n<p>Mitmachen \u2013 aktiv bleiben \u2013 fr\u00f6hlich sein<\/p>\n\n\n\n<p>Ein w\u00f6chentliches Fitnesstraining bringt deinen K\u00f6rper in Schwung und wirkt sich positiv auf deine Lebensqualit\u00e4t aus. Du verbesserst Dein Gleichgewicht, trainierst Deine Reaktionsf\u00e4higkeit und st\u00e4rkst deinen ganzen K\u00f6rper.<\/p>\n\n\n\n<p>Unsere Motivation ist nicht die Leistung, sondern die Freude an der gemeinsam erlebten Aktivit\u00e4t.<\/p>\n\n\n\n<p>Unter fachkundiger Leitung erlebst Du jede Woche abwechslungsreiche Turnstunden.<\/p>\n\n\n\n<figure class=\"is-layout-flex wp-block-gallery-1 wp-block-gallery has-nested-images columns-3 is-cropped\">\n<figure class=\"wp-block-image size-large\"><a href=\"http:\/\/tvdaettlikon.ch\/wp-content\/uploads\/2024\/11\/Flyer_Seniorenturnen-2025-fuer-Hompage.jpg\"><img decoding=\"async\" loading=\"lazy\" width=\"722\" height=\"1024\" data-id=\"2747\"  src=\"http:\/\/tvdaettlikon.ch\/wp-content\/uploads\/2024\/11\/Flyer_Seniorenturnen-2025-fuer-Hompage-722x1024.jpg\" alt=\"\" class=\"wp-image-2747\" srcset=\"https:\/\/tvdaettlikon.ch\/wp-content\/uploads\/2024\/11\/Flyer_Seniorenturnen-2025-fuer-Hompage-722x1024.jpg 722w, https:\/\/tvdaettlikon.ch\/wp-content\/uploads\/2024\/11\/Flyer_Seniorenturnen-2025-fuer-Hompage-212x300.jpg 212w, https:\/\/tvdaettlikon.ch\/wp-content\/uploads\/2024\/11\/Flyer_Seniorenturnen-2025-fuer-Hompage-768x1089.jpg 768w, https:\/\/tvdaettlikon.ch\/wp-content\/uploads\/2024\/11\/Flyer_Seniorenturnen-2025-fuer-Hompage.jpg 839w\" sizes=\"(max-width: 722px) 85vw, 722px\" \/><\/a><\/figure>\n<\/figure>\n","protected":false},"excerpt":{"rendered":"<p>Ein Angebot der Turnerfamilie D\u00e4ttlikon f\u00fcr Frauen &amp; M\u00e4nner ab 60 Jahren Mitmachen \u2013 aktiv bleiben \u2013 fr\u00f6hlich sein Ein w\u00f6chentliches Fitnesstraining bringt deinen K\u00f6rper in Schwung und wirkt sich positiv auf deine Lebensqualit\u00e4t aus. Du verbesserst Dein Gleichgewicht, trainierst Deine Reaktionsf\u00e4higkeit und st\u00e4rkst deinen ganzen K\u00f6rper. Unsere Motivation ist nicht die Leistung, sondern die &hellip; <a href=\"https:\/\/tvdaettlikon.ch\/index.php\/seniorenturnen\/\" class=\"more-link\"><span class=\"screen-reader-text\">\u201eSeniorenturnen\u201c<\/span> weiterlesen<\/a><\/p>\n","protected":false},"author":1,"featured_media":0,"parent":0,"menu_order":0,"comment_status":"closed","ping_status":"closed","template":"","meta":{"inline_featured_image":false,"ngg_post_thumbnail":0},"_links":{"self":[{"href":"https:\/\/tvdaettlikon.ch\/index.php\/wp-json\/wp\/v2\/pages\/2601"}],"collection":[{"href":"https:\/\/tvdaettlikon.ch\/index.php\/wp-json\/wp\/v2\/pages"}],"about":[{"href":"https:\/\/tvdaettlikon.ch\/index.php\/wp-json\/wp\/v2\/types\/page"}],"author":[{"embeddable":true,"href":"https:\/\/tvdaettlikon.ch\/index.php\/wp-json\/wp\/v2\/users\/1"}],"replies":[{"embeddable":true,"href":"https:\/\/tvdaettlikon.ch\/index.php\/wp-json\/wp\/v2\/comments?post=2601"}],"version-history":[{"count":9,"href":"https:\/\/tvdaettlikon.ch\/index.php\/wp-json\/wp\/v2\/pages\/2601\/revisions"}],"predecessor-version":[{"id":2749,"href":"https:\/\/tvdaettlikon.ch\/index.php\/wp-json\/wp\/v2\/pages\/2601\/revisions\/2749"}],"wp:attachment":[{"href":"https:\/\/tvdaettlikon.ch\/index.php\/wp-json\/wp\/v2\/media?parent=2601"}],"curies":[{"name":"wp","href":"https:\/\/api.w.org\/{rel}","templated":true}]}}